{"id":120,"date":"2018-05-21T21:19:02","date_gmt":"2018-05-21T19:19:02","guid":{"rendered":"http:\/\/ibb-wilhelm.de\/wordpress\/?page_id=120"},"modified":"2025-11-13T16:52:19","modified_gmt":"2025-11-13T15:52:19","slug":"sanierung-verstaerkung","status":"publish","type":"page","link":"https:\/\/www.ibb-wilhelm.de\/wordpress\/sanierung-verstaerkung\/","title":{"rendered":"Sanierung"},"content":{"rendered":"<div class=\"row\"> <div class=\"col-md-4\">\n<p><img loading=\"lazy\" decoding=\"async\" class=\"alignleft size-thumbnail wp-image-299\" src=\"http:\/\/ibb-wilhelm.de\/wordpress\/wp-content\/uploads\/2_Sanierung_b-150x150.jpg\" alt=\"\" width=\"150\" height=\"150\" srcset=\"https:\/\/www.ibb-wilhelm.de\/wordpress\/wp-content\/uploads\/2_Sanierung_b-150x150.jpg 150w, https:\/\/www.ibb-wilhelm.de\/wordpress\/wp-content\/uploads\/2_Sanierung_b-300x300.jpg 300w, https:\/\/www.ibb-wilhelm.de\/wordpress\/wp-content\/uploads\/2_Sanierung_b.jpg 450w\" sizes=\"auto, (max-width: 150px) 100vw, 150px\" \/><\/p>\n<\/div><div class=\"col-md-4\">\n<p><strong>Sanieren. Instandsetzen. Verst\u00e4rken.<\/strong><\/p>\n<p>Konstruktionen vergangener Zeiten faszinieren. F\u00fcr die Wiederherstellung bzw. Verl\u00e4ngerung der Dauerhaftigkeit von gealterten Tragwerken entwickeln wir mit Ihnen gemeinsam individuelle Instandsetzungskonzepte. Unsere St\u00e4rken sind Fachwissen und Know-how spezifischer Materialeigenschaften, um auf innovative Verfahren wie z. B. das Verst\u00e4rken mit Textilbeton zur\u00fcckgreifen zu k\u00f6nnen.<\/p>\n<p>Als qualifizierte sachkundige Planer f\u00fcr die Instandhaltung von Betonbauteilen (EIPOS) unterst\u00fctzen wir Sie bei der fachgerechten Zustandsbewertung, Beratung und Instandsetzungsplanung von Betonbauteilen.<\/p>\n<\/div><div class=\"col-md-4\">\n<p><strong>Unsere Leistungen:<\/strong><\/p>\n<ul>\n<li>Bestandsanalyse<\/li>\n<li>Zustandsbeurteilung<\/li>\n<li>Schadensdiagnose<\/li>\n<li>Nachrechnung<\/li>\n<li>Erarbeitung von Instandsetzungskonzepten<\/li>\n<li>Sachkundige Planung<\/li>\n<li>Planung von Verst\u00e4rkungsma\u00dfnahmen<\/li>\n<\/ul>\n<\/div><\/div>\n","protected":false},"excerpt":{"rendered":"","protected":false},"author":1,"featured_media":0,"parent":0,"menu_order":0,"comment_status":"closed","ping_status":"closed","template":"page-feature.php","meta":{"kt_blocks_editor_width":"","footnotes":""},"class_list":["post-120","page","type-page","status-publish","hentry"],"_links":{"self":[{"href":"https:\/\/www.ibb-wilhelm.de\/wordpress\/wp-json\/wp\/v2\/pages\/120","targetHints":{"allow":["GET"]}}],"collection":[{"href":"https:\/\/www.ibb-wilhelm.de\/wordpress\/wp-json\/wp\/v2\/pages"}],"about":[{"href":"https:\/\/www.ibb-wilhelm.de\/wordpress\/wp-json\/wp\/v2\/types\/page"}],"author":[{"embeddable":true,"href":"https:\/\/www.ibb-wilhelm.de\/wordpress\/wp-json\/wp\/v2\/users\/1"}],"replies":[{"embeddable":true,"href":"https:\/\/www.ibb-wilhelm.de\/wordpress\/wp-json\/wp\/v2\/comments?post=120"}],"version-history":[{"count":16,"href":"https:\/\/www.ibb-wilhelm.de\/wordpress\/wp-json\/wp\/v2\/pages\/120\/revisions"}],"predecessor-version":[{"id":1049,"href":"https:\/\/www.ibb-wilhelm.de\/wordpress\/wp-json\/wp\/v2\/pages\/120\/revisions\/1049"}],"wp:attachment":[{"href":"https:\/\/www.ibb-wilhelm.de\/wordpress\/wp-json\/wp\/v2\/media?parent=120"}],"curies":[{"name":"wp","href":"https:\/\/api.w.org\/{rel}","templated":true}]}}